0). Suppose -195 - s = -y*z. Calculate the greatest common factor of 10 and z.
10
Suppose -10 = -5*h + 5. Let z be (-14)/(-6) + h + (-7)/3. Suppose -26 = -z*i + 37. Calculate the highest common divisor of 147 and i.
21
Let c = 113 + -65. Let x be ((-20)/15 - 4)/((-2)/48). Calculate the greatest common divisor of c and x.
16
Let z = 148 + -67. Let r(b) = -b**2 - 6*b + 8. Let n be r(-6). Let p = 1 + n. Calculate the highest common divisor of p and z.
9
Let f be ((-1826)/(-4))/(-19 - (-2185)/114). Calculate the greatest common factor of f and 66.
33
Let m = -1196 - -1197. What is the greatest common factor of m and 263?
1
Suppose -233089 = 292*h - 365*h. Calculate the greatest common factor of 93 and h.
31
Suppose 4 = 4*p - 2*p, 3*h - 4*p = -206. Let k be (16/6)/((-44)/h). What is the greatest common factor of k and 4?
4
Let i = 26 - 6. Suppose 1066*w + 2*u + 32 = 1069*w, -2*w - 8 = -5*u. Calculate the greatest common factor of i and w.
4
Let g = 14 + -13. Let h be 2/g - (-40 - 4). Let n = -174 + 243. Calculate the highest common divisor of n and h.
23
Let k = -277 - -747. What is the greatest common factor of 50 and k?
10
Let f(a) = a - 2. Let t be f(8). Suppose -t*j + 4*j = -90. Let n = -164 + 179. Calculate the highest common factor of j and n.
15
Let z = -2591 - -2632. Calculate the greatest common divisor of 164 and z.
41
Suppose -121 + 6160 = 7*z - 2424. Calculate the highest common factor of 1581 and z.
93
Suppose -135070 - 431880 = -46*y. What is the greatest common factor of 34 and y?
17
Let w(m) = 45*m**3 - 2*m**2 + 3*m + 5. Let r be w(2). Suppose -21 - 45 = -2*v. Calculate the greatest common divisor of r and v.
33
Let c = -22337 + 23312. Suppose u - 12 - 63 = 0. What is the greatest common divisor of u and c?
75
Suppose 38 = 8*s - 50. What is the highest common divisor of 1320 and s?
11
Suppose 4*g = 23 + 5. Suppose -187*p = 352*p + 114*p - 77707. Calculate the greatest common factor of g and p.
7
Let p = 4810 + -4381. What is the greatest common factor of p and 22?
11
Let z(y) = 259*y + 2047. Let c be z(-7). What is the greatest common factor of 90 and c?
18
Suppose 4*q = 1 + 15. Suppose q*u + 2 = 5*u. Suppose 35 = 3*m + 2*o - 27, m + 2 = 5*o. What is the highest common divisor of m and u?
2
Suppose 0 = 3*m - 5*v - 199, 2*m + 0*m + 3*v = 158. Suppose 5*h - 77 = m. Let d be h*(14/(-18)*-3 - 2). Calculate the greatest common divisor of 5 and d.
5
Suppose -4*g + 1360 = -3*r - 689, -6*g - 2*r + 3106 = 0. Calculate the highest common factor of g and 688.
172
Let c(m) = -m**2 + 8*m - 21. Let g be c(6). Let j = -6 - g. Let a be -3 - 17*(j + -4). What is the greatest common divisor of 21 and a?
7
Let w(u) = 102*u**2 - 7*u + 6. Let y be w(1). Suppose 112*r = y*r + 297. Calculate the greatest common factor of 39 and r.
3
Suppose 6*u = 187 - 169. Let n be -3*((-340)/17)/(u/13). Calculate the highest common divisor of n and 80.
20
Suppose 22 = 3*w + 1. Let h be (72/(-21))/(-2)*w. Let o be 2007/(-446)*(-208)/6. Calculate the greatest common divisor of h and o.
12
Let o be ((-10)/(-4) - 1) + (-29)/(-58). Let j be 6/o*(-19 - -20). Suppose 3*d + j*y - 46 = -1, 4*y - 12 = -d. Calculate the greatest common factor of 2 and d.
2
Let j be (3 - 0)*(8/(-36) - (-1586)/9). What is the greatest common divisor of j and 297?
33
Suppose 3*n = n + 30. Let u be (-1 - n/5)*-1*36. What is the highest common factor of 48 and u?
48
Let u = 22251 - 15699. What is the greatest common divisor of u and 36?
36
Let s be 11/(((-6)/(-2)*(-7)/21)/(-7)). What is the highest common factor of 210 and s?
7
Suppose -4 = -2*j, 4*w + 2*j - 217 - 19 = 0. Suppose -381 - 915 = 36*h. Let c = w + h. What is the greatest common factor of 11 and c?
11
Let p(b) = -24*b + 5282. Let f be p(107). What is the highest common factor of 118 and f?
118
Let m = -33 + 46. Suppose 2*n = 5*o + 167, 3*n + 2*o = -119 + 398. Calculate the highest common factor of n and m.
13
Let m(z) = 59*z - 161. Let r be m(10). Let c = -393 + r. What is the greatest common divisor of 468 and c?
36
Let n be 3504/(-72) + 2/(-6). Let w be (-1484)/n + (-4)/14. Let y be (5/(w/93))/((-3)/(-18)). Calculate the highest common factor of y and 62.
31
Suppose -771*o = -717*o - 810. Calculate the highest common factor of o and 22245.
15
Suppose -3*t + a + 379 = 0, -4*t + 3*t + 137 = 5*a. Let s = 144 - t. What is the greatest common divisor of 153 and s?
17
Suppose -25 = 5*s, -5*m + 3*m = 2*s - 90. Let o(b) = 2*b**3 + b**2 - b. Let v be o(-2). Let i = 10 - v. What is the greatest common divisor of m and i?
10
Let h = 56 - 49. Suppose 4*j + d - 9 = 3*j, 0 = -j + 3*d - h. Suppose -c + j*m = -80, m - 116 = -2*c - 0*m. What is the greatest common divisor of 20 and c?
20
Let w be -2*5970/(-4)*144/360. What is the greatest common divisor of 54 and w?
6
Suppose -n = -3*l - 84, -5*n - 26 = 4*l - 351. Let w = n - 36. Suppose 3*c - 38 = -2*f, -2*c + 0 = 2*f - 40. What is the highest common factor of f and w?
11
Suppose 53*v + 52*v = 72*v + 462. Calculate the highest common factor of v and 378.
14
Let k(u) = 5676*u**2 + 8*u - 12. Let z be k(2). Suppose 39*o = z + 13874. Calculate the highest common factor of o and 67.
67
Let j(x) = x**3 + 2*x - 1. Let u be j(3). Suppose 6*p = 4*p + u. Suppose -p = 3*l - 4*l. Calculate the highest common factor of 4 and l.
4
Let z be ((-462)/(-6) - 3) + 138/(-23). Calculate the greatest common divisor of 4624 and z.
68
Suppose -85*i + 258 = -78*i + 20. What is the highest common factor of i and 4828?
34
Let s be (-3)/6 + ((-36)/(-8))/1. Suppose r + 3*z = -2*z + 78, 0 = 4*r - z - 249. Suppose -r + 3 = -s*u. What is the greatest common factor of 150 and u?
15
Let o = 194 + -193. Let y(v) = 736*v**2. Let c be y(o). Calculate the greatest common divisor of c and 46.
46
Suppose -312 = -3*j - 3*v, -3*j - 2*v + 7*v = -320. What is the greatest common divisor of j and 1701?
21
Suppose 0 = 98*g - 39*g - 136408. What is the highest common divisor of g and 16?
8
Suppose -115*u - 150 = -118*u. Let m(q) = -9*q**3 + 2*q**2 + q - 3. Let j = 40 + -42. Let d be m(j). Calculate the greatest common divisor of u and d.
25
Let c(d) = 2*d**2 + 4*d - 6. Let u be c(-3). Suppose -2*l - o + 44 = u, 3*o + 15 = -l + 27. Calculate the highest common divisor of 264 and l.
24
Suppose 16 = -4*w, -5*s + 327 = -0*w - 3*w. Suppose s*b - 16 = 65*b. Let i = 30 + b. Calculate the greatest common divisor of i and 4.
2
Let z be (52/10)/(5/850). Let s be (-4)/26 - 17/(z/(-8)). Suppose -2*d + 2*q - q = -25, -3*d - q + 40 = s. What is the highest common divisor of d and 104?
13
Suppose 37*l + 29*l = 16170. What is the greatest common factor of 637 and l?
49
Let u be (3/(-60)*-5)/((-3)/(-96)). What is the greatest common divisor of u and 968?
8
Suppose 5*i - 129 = -24. Suppose -3*w - x + 234 = 0, -160 = -2*w + 104*x - 106*x. Calculate the highest common factor of i and w.
7
Suppose -211*o + 1923 = -140*o + 5*r, 5*o - 75 = -5*r. Let s = 281 - 520. Let b = -113 - s. What is the greatest common factor of o and b?
14
Suppose 97*g + 1690 = 188*g - 78*g. What is the greatest common factor of g and 2405?
65
Let o = -30 - -35. Suppose 0 = -c + o*c - 48. Suppose -4*f - 7*f = -462. What is the greatest common factor of f and c?
6
Let c(q) = q**2 + 2*q - 31. Let u be c(-17). Let r = -143 + u. Calculate the greatest common factor of r and 27.
27
Let u be -3 + 616 - (-60)/4. Calculate the greatest common factor of u and 157.
157
Let s(g) = g**3 - 12*g**2 + 13*g + 11. Let w be s(9). Let x = w - -403. Calculate the highest common factor of x and 32.
32
Let l be (28/6)/(14/21). Let j be 1752/28 + 3/l. Calculate the highest common divisor of j and 84.
21
Let n be 4*(-1 + (-23)/(-2)). Let d be 1352/152 - 2/(-19). Let s be d - -1*(-1)/(-5)*-15. Calculate the highest common factor of s and n.
6
Let w be ((-20)/(-6))/((-23)/(-138)). Suppose 57*o - 52*o + g = 496, 2*g + 8 = 0. What is the greatest common divisor of o and w?
20
Let a be (3/7 + 0 + 442/357)*2502. What is the highest common divisor of 20 and a?
10
Let b(k) = -24*k + 141. Let q be b(5). Suppose q*r + 205 = 562. Let x be (-427)/(-5) + 2/(-5). What is the highest common divisor of x and r?
17
Suppose 11 = 10*x - 21*x. Let s be (-49)/(-3) - x/(-3). Calculate the highest common divisor of s and 208.
16
Let h = -5